{"id":14,"date":"2025-04-17T01:24:26","date_gmt":"2025-04-17T01:24:26","guid":{"rendered":"https:\/\/creacionesmariana.com\/?page_id=14"},"modified":"2025-12-27T00:17:33","modified_gmt":"2025-12-27T00:17:33","slug":"inicio","status":"publish","type":"page","link":"https:\/\/creacionesmariana.com\/","title":{"rendered":"Inicio"},"content":{"rendered":"<p>[et_pb_section fb_built=\u00bb1&#8243; fullwidth=\u00bbon\u00bb disabled_on=\u00bbon|on|off\u00bb admin_label=\u00bbSlider\u00bb _builder_version=\u00bb4.27.5&#8243; _module_preset=\u00bbdefault\u00bb global_colors_info=\u00bb{}\u00bb][et_pb_nextend_smart_slider_3_fullwidth slider=\u00bb2&#8243; _builder_version=\u00bb4.27.4&#8243; _module_preset=\u00bbdefault\u00bb global_colors_info=\u00bb{}\u00bb][\/et_pb_nextend_smart_slider_3_fullwidth][\/et_pb_section][et_pb_section fb_built=\u00bb1&#8243; next_background_color=\u00bbrgba(229,200,185,0.15)\u00bb admin_label=\u00bbHeader\u00bb _builder_version=\u00bb4.27.4&#8243; _module_preset=\u00bbdefault\u00bb background_color=\u00bbRGBA(255,255,255,0)\u00bb use_background_color_gradient=\u00bbon\u00bb background_color_gradient_stops=\u00bb#f5be86 0%|rgba(245,190,134,0.03) 100%\u00bb overflow-x=\u00bbhidden\u00bb overflow-y=\u00bbhidden\u00bb custom_padding=\u00bb30px||100px||false|false\u00bb bottom_divider_style=\u00bbcurve\u00bb bottom_divider_height=\u00bb60px\u00bb locked=\u00bboff\u00bb collapsed=\u00bbon\u00bb global_colors_info=\u00bb{%22gcid-34807b40-f97e-428a-90f8-6d5ad2ecd8cd%22:%91%22background_color_gradient_stops%22%93}\u00bb][et_pb_row column_structure=\u00bb1_2,1_2&#8243; _builder_version=\u00bb4.27.4&#8243; _module_preset=\u00bbdefault\u00bb global_colors_info=\u00bb{}\u00bb][et_pb_column type=\u00bb1_2&#8243; _builder_version=\u00bb4.22.0&#8243; _module_preset=\u00bbdefault\u00bb global_colors_info=\u00bb{}\u00bb][et_pb_image src=\u00bbhttps:\/\/creacionesmariana.com\/wp-content\/uploads\/2025\/09\/senior-care-9b.png\u00bb title_text=\u00bbsenior-care-9b\u00bb _builder_version=\u00bb4.22.0&#8243; _module_preset=\u00bbdefault\u00bb transform_translate=\u00bb100%|-25%\u00bb transform_translate_linked=\u00bboff\u00bb positioning=\u00bbabsolute\u00bb position_origin_a=\u00bbtop_right\u00bb width=\u00bb40%\u00bb global_colors_info=\u00bb{}\u00bb][\/et_pb_image][et_pb_text _builder_version=\u00bb4.27.4&#8243; _module_preset=\u00bb83c8d12b-dec8-4b39-b2a4-349f6f318af3&#8243; custom_margin=\u00bb||60px||false|false\u00bb global_colors_info=\u00bb{}\u00bb]<\/p>\n<h1 style=\"text-align: center;\">Somos parte de tus momentos m\u00e1s coquetos<\/h1>\n<p>[\/et_pb_text][et_pb_toggle title=\u00bbCollares\u00bb _builder_version=\u00bb4.27.4&#8243; _module_preset=\u00bbdefault\u00bb title_text_color=\u00bb#FFFFFF\u00bb title_font=\u00bbHachi Maru Pop|600||||on|||\u00bb use_background_color_gradient=\u00bbon\u00bb background_color_gradient_direction=\u00bb160deg\u00bb background_color_gradient_stops=\u00bb#791f62 0%|rgba(121,31,98,0.23) 100%\u00bb border_radii=\u00bbon|16px|16px|16px|16px\u00bb global_colors_info=\u00bb{}\u00bb]<\/p>\n<p><img loading=\"lazy\" decoding=\"async\" src=\"https:\/\/creacionesmariana.com\/wp-content\/uploads\/2025\/09\/cm_0002_Slider03-300x142.jpg\" width=\"453\" height=\"214\" alt=\"\" class=\"wp-image-194 aligncenter size-medium\" \/>La mejor colecci\u00f3n<\/p>\n<p>[\/et_pb_toggle][et_pb_toggle title=\u00bbManillas\u00bb _builder_version=\u00bb4.27.4&#8243; _module_preset=\u00bbdefault\u00bb title_text_color=\u00bb#FFFFFF\u00bb title_font=\u00bbHachi Maru Pop|600||||on|||\u00bb use_background_color_gradient=\u00bbon\u00bb background_color_gradient_direction=\u00bb160deg\u00bb background_color_gradient_stops=\u00bb#791f62 0%|rgba(121,31,98,0.23) 100%\u00bb border_radii=\u00bbon|16px|16px|16px|16px\u00bb global_colors_info=\u00bb{}\u00bb]<\/p>\n<p><img loading=\"lazy\" decoding=\"async\" src=\"https:\/\/creacionesmariana.com\/wp-content\/uploads\/2025\/09\/cm_0002_Slider03-300x142.jpg\" width=\"453\" height=\"214\" alt=\"\" class=\"wp-image-194 aligncenter size-medium\" \/>La mejor colecci\u00f3n<\/p>\n<p>[\/et_pb_toggle][et_pb_toggle title=\u00bbAretes\u00bb _builder_version=\u00bb4.27.4&#8243; _module_preset=\u00bbdefault\u00bb title_text_color=\u00bb#FFFFFF\u00bb title_font=\u00bbHachi Maru Pop|600||||on|||\u00bb use_background_color_gradient=\u00bbon\u00bb background_color_gradient_direction=\u00bb160deg\u00bb background_color_gradient_stops=\u00bb#791f62 0%|rgba(121,31,98,0.23) 100%\u00bb border_radii=\u00bbon|16px|16px|16px|16px\u00bb global_colors_info=\u00bb{}\u00bb]<\/p>\n<p><img loading=\"lazy\" decoding=\"async\" src=\"https:\/\/creacionesmariana.com\/wp-content\/uploads\/2025\/09\/cm_0002_Slider03-300x142.jpg\" width=\"453\" height=\"214\" alt=\"\" class=\"wp-image-194 aligncenter size-medium\" \/>La mejor colecci\u00f3n<\/p>\n<p>[\/et_pb_toggle][et_pb_toggle title=\u00bbConjuntos\u00bb _builder_version=\u00bb4.27.4&#8243; _module_preset=\u00bbdefault\u00bb title_text_color=\u00bb#FFFFFF\u00bb title_font=\u00bbHachi Maru Pop|600||||on|||\u00bb use_background_color_gradient=\u00bbon\u00bb background_color_gradient_direction=\u00bb160deg\u00bb background_color_gradient_stops=\u00bb#791f62 0%|rgba(121,31,98,0.23) 100%\u00bb border_radii=\u00bbon|16px|16px|16px|16px\u00bb global_colors_info=\u00bb{}\u00bb]<\/p>\n<p><img loading=\"lazy\" decoding=\"async\" src=\"https:\/\/creacionesmariana.com\/wp-content\/uploads\/2025\/09\/cm_0002_Slider03-300x142.jpg\" width=\"453\" height=\"214\" alt=\"\" class=\"wp-image-194 aligncenter size-medium\" \/>La mejor colecci\u00f3n<\/p>\n<p>[\/et_pb_toggle][et_pb_toggle title=\u00bbMiscelaneo\u00bb _builder_version=\u00bb4.27.4&#8243; _module_preset=\u00bbdefault\u00bb title_text_color=\u00bb#FFFFFF\u00bb title_font=\u00bbHachi Maru Pop|600||||on|||\u00bb use_background_color_gradient=\u00bbon\u00bb background_color_gradient_direction=\u00bb160deg\u00bb background_color_gradient_stops=\u00bb#791f62 0%|rgba(121,31,98,0.23) 100%\u00bb border_radii=\u00bbon|16px|16px|16px|16px\u00bb global_colors_info=\u00bb{}\u00bb]<\/p>\n<p><img loading=\"lazy\" decoding=\"async\" src=\"https:\/\/creacionesmariana.com\/wp-content\/uploads\/2025\/09\/cm_0002_Slider03-300x142.jpg\" width=\"453\" height=\"214\" alt=\"\" class=\"wp-image-194 aligncenter size-medium\" \/>La mejor colecci\u00f3n<\/p>\n<p>[\/et_pb_toggle][et_pb_button button_text=\u00bbVisita nuestra Tienda\u00bb button_alignment=\u00bbcenter\u00bb admin_label=\u00bbBoton\u00bb _builder_version=\u00bb4.27.4&#8243; _module_preset=\u00bbe04268cf-f5f8-4fb3-b569-928e86ed8b69&#8243; button_bg_color=\u00bbRGBA(255,255,255,0)\u00bb button_bg_use_color_gradient=\u00bbon\u00bb button_bg_color_gradient_direction=\u00bb160deg\u00bb button_bg_color_gradient_stops=\u00bb#791f62 0%|rgba(121,31,98,0.23) 100%\u00bb custom_margin=\u00bb60px||||false|false\u00bb global_colors_info=\u00bb{}\u00bb][\/et_pb_button][\/et_pb_column][et_pb_column type=\u00bb1_2&#8243; _builder_version=\u00bb4.27.4&#8243; _module_preset=\u00bbdefault\u00bb background_image=\u00bbhttps:\/\/creacionesmariana.com\/wp-content\/uploads\/2025\/09\/mujer-hermosa-llevando-azul-joyeria-collar.png\u00bb custom_padding=\u00bb4vw||||false|false\u00bb border_radii=\u00bbon|20px|20px|20px|20px\u00bb global_colors_info=\u00bb{}\u00bb][et_pb_image src=\u00bbhttps:\/\/creacionesmariana.com\/wp-content\/uploads\/2025\/12\/Patrones-para-encima-de-la-foto.png\u00bb title_text=\u00bbPatrones para encima de la foto\u00bb _builder_version=\u00bb4.27.5&#8243; _module_preset=\u00bbdefault\u00bb hover_enabled=\u00bb0&#8243; global_colors_info=\u00bb{}\u00bb sticky_enabled=\u00bb0&#8243;][\/et_pb_image][\/et_pb_column][\/et_pb_row][\/et_pb_section][et_pb_section fb_built=\u00bb1&#8243; admin_label=\u00bbSeccion Collares\u00bb _builder_version=\u00bb4.27.4&#8243; _module_preset=\u00bbdefault\u00bb custom_padding=\u00bb16px|||||\u00bb saved_tabs=\u00bball\u00bb collapsed=\u00bboff\u00bb global_colors_info=\u00bb{}\u00bb][et_pb_row _builder_version=\u00bb4.22.0&#8243; _module_preset=\u00bbdefault\u00bb max_width=\u00bb700px\u00bb custom_padding=\u00bb22px|||||\u00bb global_colors_info=\u00bb{}\u00bb][et_pb_column type=\u00bb4_4&#8243; _builder_version=\u00bb4.22.0&#8243; _module_preset=\u00bbdefault\u00bb global_colors_info=\u00bb{}\u00bb][et_pb_text _builder_version=\u00bb4.27.5&#8243; _module_preset=\u00bb07ec0e54-91ee-4d6b-9282-dbeb5ca43687&#8243; text_orientation=\u00bbcenter\u00bb global_colors_info=\u00bb{}\u00bb]<\/p>\n<h1>DESTACADOS<\/h1>\n<p>[\/et_pb_text][\/et_pb_column][\/et_pb_row][et_pb_row column_structure=\u00bb1_3,1_3,1_3&#8243; use_custom_gutter=\u00bbon\u00bb gutter_width=\u00bb2&#8243; _builder_version=\u00bb4.27.4&#8243; _module_preset=\u00bbdefault\u00bb background_color=\u00bbgcid-34807b40-f97e-428a-90f8-6d5ad2ecd8cd\u00bb custom_margin=\u00bb0px||0px||true|false\u00bb custom_padding=\u00bb10px|30px|10px|30px|true|true\u00bb border_radii=\u00bbon|20px|20px|20px|20px\u00bb global_colors_info=\u00bb{%22gcid-34807b40-f97e-428a-90f8-6d5ad2ecd8cd%22:%91%22background_color%22%93}\u00bb][et_pb_column type=\u00bb1_3&#8243; _builder_version=\u00bb4.27.4&#8243; _module_preset=\u00bbdefault\u00bb overflow-x=\u00bbhidden\u00bb overflow-y=\u00bbhidden\u00bb global_colors_info=\u00bb{}\u00bb][et_pb_image src=\u00bbhttps:\/\/creacionesmariana.com\/wp-content\/uploads\/2025\/11\/conjuntos.jpg\u00bb title_text=\u00bbconjuntos\u00bb _builder_version=\u00bb4.27.4&#8243; _module_preset=\u00bbdefault\u00bb border_radii=\u00bbon|25px|25px|25px|25px\u00bb global_colors_info=\u00bb{}\u00bb transform_styles__hover_enabled=\u00bbon|hover\u00bb transform_scale__hover_enabled=\u00bbon|hover\u00bb transform_translate__hover_enabled=\u00bbon|desktop\u00bb transform_rotate__hover_enabled=\u00bbon|desktop\u00bb transform_skew__hover_enabled=\u00bbon|desktop\u00bb transform_origin__hover_enabled=\u00bbon|desktop\u00bb transform_scale__hover=\u00bb110%|110%\u00bb][\/et_pb_image][et_pb_text _builder_version=\u00bb4.27.4&#8243; _module_preset=\u00bb07ec0e54-91ee-4d6b-9282-dbeb5ca43687&#8243; text_orientation=\u00bbcenter\u00bb global_colors_info=\u00bb{}\u00bb]<\/p>\n<h1>Collares<\/h1>\n<p>[\/et_pb_text][\/et_pb_column][et_pb_column type=\u00bb1_3&#8243; _builder_version=\u00bb4.27.4&#8243; _module_preset=\u00bbdefault\u00bb custom_padding=\u00bb||||true|false\u00bb custom_padding_tablet=\u00bb0px||0px||true|false\u00bb custom_padding_phone=\u00bb0px||0px||true|false\u00bb custom_padding_last_edited=\u00bbon|tablet\u00bb global_colors_info=\u00bb{}\u00bb][et_pb_image src=\u00bbhttps:\/\/creacionesmariana.com\/wp-content\/uploads\/2025\/11\/conjuntos.jpg\u00bb title_text=\u00bbconjuntos\u00bb _builder_version=\u00bb4.27.4&#8243; _module_preset=\u00bbdefault\u00bb border_radii=\u00bbon|25px|25px|25px|25px\u00bb global_colors_info=\u00bb{}\u00bb transform_styles__hover_enabled=\u00bbon|hover\u00bb transform_scale__hover=\u00bb110%|110%\u00bb transform_scale__hover_enabled=\u00bbon|hover\u00bb transform_translate__hover_enabled=\u00bbon|desktop\u00bb transform_rotate__hover_enabled=\u00bbon|desktop\u00bb transform_skew__hover_enabled=\u00bbon|desktop\u00bb transform_origin__hover_enabled=\u00bbon|desktop\u00bb][\/et_pb_image][et_pb_text _builder_version=\u00bb4.27.4&#8243; _module_preset=\u00bb07ec0e54-91ee-4d6b-9282-dbeb5ca43687&#8243; text_orientation=\u00bbcenter\u00bb global_colors_info=\u00bb{}\u00bb]<\/p>\n<h1>Pulseras<\/h1>\n<p>[\/et_pb_text][\/et_pb_column][et_pb_column type=\u00bb1_3&#8243; _builder_version=\u00bb4.27.4&#8243; _module_preset=\u00bbdefault\u00bb global_colors_info=\u00bb{}\u00bb][et_pb_image src=\u00bbhttps:\/\/creacionesmariana.com\/wp-content\/uploads\/2025\/11\/conjuntos.jpg\u00bb title_text=\u00bbconjuntos\u00bb _builder_version=\u00bb4.27.4&#8243; _module_preset=\u00bbdefault\u00bb border_radii=\u00bbon|25px|25px|25px|25px\u00bb global_colors_info=\u00bb{}\u00bb transform_styles__hover_enabled=\u00bbon|hover\u00bb transform_scale__hover=\u00bb110%|110%\u00bb transform_scale__hover_enabled=\u00bbon|hover\u00bb transform_translate__hover_enabled=\u00bbon|desktop\u00bb transform_rotate__hover_enabled=\u00bbon|desktop\u00bb transform_skew__hover_enabled=\u00bbon|desktop\u00bb transform_origin__hover_enabled=\u00bbon|desktop\u00bb][\/et_pb_image][et_pb_text _builder_version=\u00bb4.27.4&#8243; _module_preset=\u00bb07ec0e54-91ee-4d6b-9282-dbeb5ca43687&#8243; text_orientation=\u00bbcenter\u00bb global_colors_info=\u00bb{}\u00bb]<\/p>\n<h1>Conjuntos<\/h1>\n<p>[\/et_pb_text][\/et_pb_column][\/et_pb_row][et_pb_row _builder_version=\u00bb4.27.4&#8243; _module_preset=\u00bbdefault\u00bb background_color=\u00bbgcid-34807b40-f97e-428a-90f8-6d5ad2ecd8cd\u00bb custom_margin=\u00bb0px||0px||true|false\u00bb custom_padding=\u00bb10px|30px|10px|30px|true|true\u00bb border_radii=\u00bbon|20px|20px|20px|20px\u00bb global_colors_info=\u00bb{%22gcid-34807b40-f97e-428a-90f8-6d5ad2ecd8cd%22:%91%22background_color%22%93}\u00bb][et_pb_column type=\u00bb4_4&#8243; _builder_version=\u00bb4.27.4&#8243; _module_preset=\u00bbdefault\u00bb overflow-x=\u00bbhidden\u00bb overflow-y=\u00bbhidden\u00bb global_colors_info=\u00bb{}\u00bb][et_pb_button button_text=\u00bbVisita nuestra Tienda\u00bb button_alignment=\u00bbcenter\u00bb admin_label=\u00bbBoton\u00bb _builder_version=\u00bb4.27.4&#8243; _module_preset=\u00bbe04268cf-f5f8-4fb3-b569-928e86ed8b69&#8243; button_bg_color=\u00bbRGBA(255,255,255,0)\u00bb button_bg_use_color_gradient=\u00bbon\u00bb button_bg_color_gradient_direction=\u00bb160deg\u00bb button_bg_color_gradient_stops=\u00bb#791f62 0%|rgba(121,31,98,0.23) 100%\u00bb custom_margin=\u00bb10px||10px||true|false\u00bb custom_padding=\u00bb10px|40px|10px|40px|true|false\u00bb global_colors_info=\u00bb{}\u00bb][\/et_pb_button][\/et_pb_column][\/et_pb_row][\/et_pb_section][et_pb_section fb_built=\u00bb1&#8243; admin_label=\u00bbServices\u00bb _builder_version=\u00bb4.22.0&#8243; _module_preset=\u00bbdefault\u00bb custom_padding=\u00bb54px|||||\u00bb locked=\u00bboff\u00bb collapsed=\u00bbon\u00bb global_colors_info=\u00bb{}\u00bb][et_pb_row column_structure=\u00bb3_5,2_5&#8243; make_equal=\u00bbon\u00bb custom_padding_last_edited=\u00bbon|desktop\u00bb _builder_version=\u00bb4.27.5&#8243; _module_preset=\u00bbdefault\u00bb custom_padding_tablet=\u00bb||0px||false|false\u00bb custom_padding_phone=\u00bb||0px||false|false\u00bb custom_css_main_element=\u00bbalign-items: center;\u00bb global_colors_info=\u00bb{}\u00bb][et_pb_column type=\u00bb3_5&#8243; disabled_on=\u00bbon|on|off\u00bb _builder_version=\u00bb4.27.5&#8243; _module_preset=\u00bbdefault\u00bb background_color=\u00bbgcid-46e54cc2-2550-449e-a151-e85c3a835795&#8243; custom_padding=\u00bb40px|40px|40px|40px|true|true\u00bb custom_padding_tablet=\u00bb30px|30px|30px|30px|true|true\u00bb custom_padding_phone=\u00bb20px|20px|20px|20px|true|true\u00bb custom_padding_last_edited=\u00bbon|tablet\u00bb border_radii=\u00bbon|20px|20px|20px|20px\u00bb global_colors_info=\u00bb{%22gcid-46e54cc2-2550-449e-a151-e85c3a835795%22:%91%22background_color%22%93}\u00bb][et_pb_image src=\u00bbhttps:\/\/creacionesmariana.com\/wp-content\/uploads\/2025\/12\/Taller1.jpg\u00bb title_text=\u00bbTaller1&#8243; align=\u00bbcenter\u00bb src_tablet=\u00bbhttps:\/\/creacionesmariana.com\/wp-content\/uploads\/2025\/12\/Taller1.jpg\u00bb src_phone=\u00bbhttps:\/\/creacionesmariana.com\/wp-content\/uploads\/2025\/12\/Taller1.jpg\u00bb src_last_edited=\u00bbon|phone\u00bb disabled_on=\u00bboff|off|off\u00bb _builder_version=\u00bb4.27.5&#8243; _module_preset=\u00bbdefault\u00bb border_radii=\u00bbon|22px|22px|22px|22px\u00bb box_shadow_style=\u00bbpreset3&#8243; global_colors_info=\u00bb{}\u00bb][\/et_pb_image][\/et_pb_column][et_pb_column type=\u00bb2_5&#8243; _builder_version=\u00bb4.27.5&#8243; _module_preset=\u00bbdefault\u00bb background_color=\u00bbgcid-34807b40-f97e-428a-90f8-6d5ad2ecd8cd\u00bb custom_padding=\u00bb12px|40px|12px|40px|true|true\u00bb custom_padding_tablet=\u00bb30px|30px|30px|30px|true|true\u00bb custom_padding_phone=\u00bb20px|20px|20px|20px|true|true\u00bb custom_padding_last_edited=\u00bbon|tablet\u00bb border_radii=\u00bbon|20px|20px|20px|20px\u00bb global_colors_info=\u00bb{%22gcid-34807b40-f97e-428a-90f8-6d5ad2ecd8cd%22:%91%22background_color%22%93}\u00bb][et_pb_image src=\u00bbhttps:\/\/creacionesmariana.com\/wp-content\/uploads\/2025\/04\/LOGO_Naranja.png\u00bb alt=\u00bbLogo Creaciones Mariana\u00bb title_text=\u00bbLOGO_Naranja\u00bb _builder_version=\u00bb4.27.5&#8243; _module_preset=\u00bbdefault\u00bb locked=\u00bboff\u00bb global_colors_info=\u00bb{}\u00bb][\/et_pb_image][et_pb_text _builder_version=\u00bb4.27.5&#8243; _module_preset=\u00bb07ec0e54-91ee-4d6b-9282-dbeb5ca43687&#8243; text_orientation=\u00bbcenter\u00bb global_colors_info=\u00bb{}\u00bb]<\/p>\n<h1>Creaciones Mariana<\/h1>\n<p>[\/et_pb_text][et_pb_text _builder_version=\u00bb4.27.5&#8243; _module_preset=\u00bbff0444b3-6848-46ba-b3f7-16c6b94650c6&#8243; custom_margin=\u00bb||||false|false\u00bb global_colors_info=\u00bb{}\u00bb]<\/p>\n<p>Un emprendimiento realizado con mucho cari\u00f1o, todas mis creaciones han sido pensadas y dise\u00f1adas para que sean parte de tus d\u00edas, desde los casuales hasta los m\u00e1s exclusivos.<\/p>\n<p>[\/et_pb_text][\/et_pb_column][\/et_pb_row][et_pb_row _builder_version=\u00bb4.22.0&#8243; _module_preset=\u00bbdefault\u00bb global_colors_info=\u00bb{}\u00bb][et_pb_column type=\u00bb4_4&#8243; _builder_version=\u00bb4.22.0&#8243; _module_preset=\u00bbdefault\u00bb global_colors_info=\u00bb{}\u00bb][et_pb_button button_text=\u00bbVisita nuestra Tienda\u00bb button_alignment=\u00bbcenter\u00bb admin_label=\u00bbBoton\u00bb _builder_version=\u00bb4.27.4&#8243; _module_preset=\u00bbe04268cf-f5f8-4fb3-b569-928e86ed8b69&#8243; button_bg_color=\u00bbRGBA(255,255,255,0)\u00bb button_bg_use_color_gradient=\u00bbon\u00bb button_bg_color_gradient_direction=\u00bb160deg\u00bb button_bg_color_gradient_stops=\u00bb#791f62 0%|rgba(121,31,98,0.23) 100%\u00bb custom_margin=\u00bb37px||||false|false\u00bb global_colors_info=\u00bb{}\u00bb][\/et_pb_button][\/et_pb_column][\/et_pb_row][\/et_pb_section][et_pb_section fb_built=\u00bb1&#8243; admin_label=\u00bbFooter CTA\u00bb _builder_version=\u00bb4.27.5&#8243; _module_preset=\u00bbdefault\u00bb custom_padding=\u00bb||0px||false|false\u00bb bottom_divider_style=\u00bbcurve\u00bb bottom_divider_color=\u00bb#791f62&#8243; bottom_divider_flip=\u00bbvertical\u00bb collapsed=\u00bbon\u00bb global_colors_info=\u00bb{%22gcid-177a5697-02fd-46ba-bfa9-5a099a3378ae%22:%91%22bottom_divider_color%22%93}\u00bb][et_pb_row custom_padding_last_edited=\u00bbon|tablet\u00bb _builder_version=\u00bb4.27.5&#8243; _module_preset=\u00bbdefault\u00bb background_color=\u00bbgcid-46e54cc2-2550-449e-a151-e85c3a835795&#8243; custom_padding=\u00bb15px|60px|15px|60px|true|true\u00bb custom_padding_tablet=\u00bb|30px||30px|true|true\u00bb custom_padding_phone=\u00bb30px|20px|30px|20px|true|true\u00bb border_radii=\u00bbon|20px|20px|20px|20px\u00bb global_colors_info=\u00bb{%22gcid-46e54cc2-2550-449e-a151-e85c3a835795%22:%91%22background_color%22%93}\u00bb][et_pb_column type=\u00bb4_4&#8243; _builder_version=\u00bb4.22.0&#8243; _module_preset=\u00bbdefault\u00bb global_colors_info=\u00bb{}\u00bb][et_pb_text _builder_version=\u00bb4.27.5&#8243; _module_preset=\u00bb07ec0e54-91ee-4d6b-9282-dbeb5ca43687&#8243; text_orientation=\u00bbcenter\u00bb global_colors_info=\u00bb{}\u00bb]<\/p>\n<h1>Que opinan nuestros clientes<\/h1>\n<p>[\/et_pb_text][ba_image_carousel content_alignment=\u00bbcenter\u00bb autoplay_speed=\u00bb4000ms\u00bb use_nav=\u00bboff\u00bb slide_count=\u00bb4&#8243; nav_height=\u00bb48px\u00bb nav_width=\u00bb48px\u00bb nav_color=\u00bb#ffffff\u00bb nav_bg=\u00bb#3979ff\u00bb icon_left=\u00bb&#xf104;||fa||900&#8243; icon_right=\u00bb&#xf105;||fa||900&#8243; slide_count_tablet=\u00bb4&#8243; slide_count_phone=\u00bb2&#8243; slide_count_last_edited=\u00bbon|phone\u00bb _builder_version=\u00bb4.27.5&#8243; _module_preset=\u00bbdefault\u00bb global_colors_info=\u00bb{}\u00bb][ba_image_carousel_child photo=\u00bbhttps:\/\/creacionesmariana.com\/wp-content\/uploads\/2025\/12\/mujer01.jpg\u00bb title=\u00bbPersona 01&#8243; sub_title=\u00bbMe encantan sus dise\u00f1os, frescos y juveniles\u00bb _builder_version=\u00bb4.27.5&#8243; global_colors_info=\u00bb{}\u00bb][\/ba_image_carousel_child][ba_image_carousel_child photo=\u00bbhttps:\/\/creacionesmariana.com\/wp-content\/uploads\/2025\/12\/mujer02.jpg\u00bb title=\u00bbPersona 02&#8243; sub_title=\u00bbMe encantan sus dise\u00f1os, frescos y juveniles\u00bb _builder_version=\u00bb4.27.5&#8243; global_colors_info=\u00bb{}\u00bb][\/ba_image_carousel_child][ba_image_carousel_child photo=\u00bbhttps:\/\/creacionesmariana.com\/wp-content\/uploads\/2025\/12\/mujer03.jpg\u00bb title=\u00bbPersona 03&#8243; sub_title=\u00bbMe encantan sus dise\u00f1os, frescos y juveniles\u00bb _builder_version=\u00bb4.27.5&#8243; global_colors_info=\u00bb{}\u00bb][\/ba_image_carousel_child][ba_image_carousel_child photo=\u00bbhttps:\/\/creacionesmariana.com\/wp-content\/uploads\/2025\/12\/mujer04.jpg\u00bb title=\u00bbPersona 04&#8243; sub_title=\u00bbMe encantan sus dise\u00f1os, frescos y juveniles\u00bb _builder_version=\u00bb4.27.5&#8243; global_colors_info=\u00bb{}\u00bb][\/ba_image_carousel_child][ba_image_carousel_child photo=\u00bbhttps:\/\/creacionesmariana.com\/wp-content\/uploads\/2025\/12\/mujer05.jpg\u00bb title=\u00bbPersona 05&#8243; sub_title=\u00bbMe encantan sus dise\u00f1os, frescos y juveniles\u00bb _builder_version=\u00bb4.27.5&#8243; global_colors_info=\u00bb{}\u00bb][\/ba_image_carousel_child][\/ba_image_carousel][\/et_pb_column][\/et_pb_row][\/et_pb_section]<\/p>\n","protected":false},"excerpt":{"rendered":"<p>Somos parte de tus momentos m\u00e1s coquetosLa mejor colecci\u00f3nLa mejor colecci\u00f3nLa mejor colecci\u00f3nLa mejor colecci\u00f3nLa mejor colecci\u00f3nDESTACADOSCollaresPulserasConjuntosCreaciones MarianaUn emprendimiento realizado con mucho cari\u00f1o, todas mis creaciones han sido pensadas y dise\u00f1adas para que sean parte de tus d\u00edas, desde los casuales hasta los m\u00e1s exclusivos.Que opinan nuestros clientes<div class=\"et_pb_module ba_image_carousel ba_image_carousel_0\">\n\t\t\t\t\n\t\t\t\t\n\t\t\t\t\n\t\t\t\t\n\t\t\t\t\n\t\t\t\t\n\t\t\t\t<div class=\"et_pb_module_inner\">\n\t\t\t\t\t<div class=\"dtq-carousel dtq-image-carousel dtq-carousel-frontend dtq-lightbox-off\" data-settings=\"{&quot;responsive&quot;:[{&quot;breakpoint&quot;:980},{&quot;breakpoint&quot;:767}],&quot;cssEase&quot;:&quot;ease-in-out&quot;,&quot;swipe&quot;:true,&quot;variableWidth&quot;:false,&quot;dots&quot;:false,&quot;arrows&quot;:false,&quot;infinite&quot;:true,&quot;autoplay&quot;:true,&quot;autoplaySpeed&quot;:0,&quot;speed&quot;:700,&quot;slidesToShow&quot;:0,&quot;slidesToScroll&quot;:1,&quot;centerPadding&quot;:&quot;70px&quot;,&quot;centerMode&quot;:false,&quot;vertical&quot;:false,&quot;prevArrow&quot;:&quot;&lt;button type=\\&quot;button\\&quot; data-icon=\\&quot;&amp;#x34;\\&quot; class=\\&quot;slick-arrow slick-prev\\&quot;&gt;Prev&lt;\\\/button&gt;&quot;,&quot;nextArrow&quot;:&quot;&lt;button type=\\&quot;button\\&quot; data-icon=\\&quot;&amp;#x35;\\&quot; class=\\&quot;slick-arrow slick-next\\&quot;&gt;Prev&lt;\\\/button&gt;&quot;}\" >\n                    \n                <\/div>\n\t\t\t\t<\/div>\n\t\t\t<\/div><\/p>\n","protected":false},"author":1,"featured_media":0,"parent":0,"menu_order":0,"comment_status":"closed","ping_status":"closed","template":"","meta":{"_et_pb_use_builder":"on","_et_pb_old_content":"<!-- wp:divi\/placeholder \/-->","_et_gb_content_width":"","footnotes":""},"class_list":["post-14","page","type-page","status-publish","hentry"],"_links":{"self":[{"href":"https:\/\/creacionesmariana.com\/index.php\/wp-json\/wp\/v2\/pages\/14","targetHints":{"allow":["GET"]}}],"collection":[{"href":"https:\/\/creacionesmariana.com\/index.php\/wp-json\/wp\/v2\/pages"}],"about":[{"href":"https:\/\/creacionesmariana.com\/index.php\/wp-json\/wp\/v2\/types\/page"}],"author":[{"embeddable":true,"href":"https:\/\/creacionesmariana.com\/index.php\/wp-json\/wp\/v2\/users\/1"}],"replies":[{"embeddable":true,"href":"https:\/\/creacionesmariana.com\/index.php\/wp-json\/wp\/v2\/comments?post=14"}],"version-history":[{"count":86,"href":"https:\/\/creacionesmariana.com\/index.php\/wp-json\/wp\/v2\/pages\/14\/revisions"}],"predecessor-version":[{"id":342,"href":"https:\/\/creacionesmariana.com\/index.php\/wp-json\/wp\/v2\/pages\/14\/revisions\/342"}],"wp:attachment":[{"href":"https:\/\/creacionesmariana.com\/index.php\/wp-json\/wp\/v2\/media?parent=14"}],"curies":[{"name":"wp","href":"https:\/\/api.w.org\/{rel}","templated":true}]}}